70
What is the value of (-2 - 4) + (-12 + 22 + 11 - 15) - 100?
-100
(-14 - 0) + 3 - (52 + -2 + -4 + 6)
-63
Calculate (233 - 188) + (13 - 3 - -63).
118
What is the value of 11 + -134 + 117 + (-48 - 0)?
-54
What is the value of 0 + 131 + (162 - (167 - -21))?
105
Evaluate (7 - (-12 + 41 + -24)) + (-20 - 0).
-18
Calculate -10 - (-238 - -241 - (13 - 0)) - 86.
-86
Calculate (1 - 36) + (7 - (4 + 13)) + -18 + 18.
-45
Evaluate 11 - 5 - -9 - (58 + 42).
-85
Calculate -1 + 2 - (7 - 2 - (-169 - -158)).
-15
What is the value of (-130 - -28) + (17 + (-35 - -21) - (5 + 1))?
-105
What is 61 + -112 + 47 + 42 + -94?
-56
What is the value of 19 - 7 - (72 + -2) - 3 - (6 - 3)?
-64
Evaluate 55 - (46 + (9 - -52)).
-52
What is the value of -199 + 86 + (2 - -1) + 12 + -6?
-104
Evaluate (-63 - 2) + 23 - -40.
-2
-11238 + 11384 + (-55 - -1)
92
Calculate -15 - 1 - (3 + -28 + (-322 - -433)).
-102
129 + (25 - 140) + (0 - 1) + -9
4
Evaluate -16 + 2 + -4 + -2 + 75 + -4.
51
What is the value of 37 + 2 + 6 - 2?
43
-6 + 6 + 3 + 5 + (-40 - -33) + 14
15
What is (24 - (-47 + 14 - -69)) + -70?
-82
-23 + -21 + -25 - -1 - -26
-42
Calculate 10 + ((57 - 6) + -12 - -4) - (5 + -1).
49
What is (-43 + 41 - -66) + -36 + 40?
68
What is the value of 88 - (-9 + (-70 - -87))?
80
Evaluate -28 + -74 + 79 + -19.
-42
Calculate 332 + -370 - (-3 + -19).
-16
What is the value of 35 + -29 + 25 + 0 + -34?
-3
Calculate -7 + 18 + 36 + -9 + -10 - 14.
14
Evaluate -7 + -2 + -9 + (-3 - -5) + -31 + 31.
-16
(-2 + 4 - (7 + 10)) + (40 - 92) + 53
-14
808 + -760 + -34 + 2
16
12 + -27 - (-1 - -13) - (6 - 5 - -3)
-31
What is the value of (1 - -19) + (7 + -10 + -15 - (-27 + 4))?
25
What is the value of -18 + 14 + (27 - (57 + -16))?
-18
What is the value of -2 + (13 - ((3 - 1) + -3)) - 57?
-45
What is 0 + 79 - (5667 - 5570)?
-18
What is -245 + 249 + (21 - -1) + -78?
-52
What is the value of -76 + (-56 - -104) + -3?
-31
43 - (10 + -20 + -3 + -5 + 5 + 13)
43
Evaluate -12 + 2 + (15 - 15) - (-4 - 22).
16
Evaluate -14 + -3 + -2 + (112 - (-16 + 10)).
99
-34 + (-55 - -18 - -15) + 87
31
Calculate 114 + -12 + -49 + -13.
40
Calculate -27 - (-28 + 88 + -39).
-48
(-159 - -122) + 101 - 14
50
Evaluate -4 - (109 + 1 + (99 - 130)).
-83
(3 + (-4 - -27) - 13) + 12 + 83 + -5
103
Evaluate 7 - (-24 + 75 + -37).
-7
What is ((-29 - (15 + -29)) + 18 - -19) + -43?
-21
-8929 + 8975 + (-2 - 128)
-84
What is (4 - -1 - (69 + -56)) + -22 + (-97 - 12)?
-139
-8 + -6 + 0 - -1 - 15
-28
What is 50 + (-23 - 23) - 19?
-15
What is 61 + (-59 - (17 - 22))?
7
What is the value of 6 - (18 - (-14 + 63))?
37
Calculate (-26 - (83 - (26 + -1))) + (2 - 2 - 4).
-88
What is (205 - 192) + 2 + 1 + (-1 - -35)?
50
Calculate (-156 - -68) + 122 + 3 + -28.
9
(-2 + 35 - 34) + -14
-15
Calculate 18 + -61 + 44 - (15 - -2).
-16
Evaluate -39 - (-33 - -1 - -25).
-32
Calculate 12 - (-18 - (-9 - -13 - 5)).
29
Calculate (7 - -3) + -3 + 6 + (-17 - 49).
-53
What is 34 + -11 - (35 - 4 - 0)?
-8
Evaluate (-1 + 2 - 4) + 11 - (-132 + 128).
12
What is the value of 1 - ((-21 - -11) + (7 + (76 - -10) - 1))?
-81
Calculate 46 + -57 - -69 - (-3 - 12).
73
What is 40 + 0 - (-178 + 179)?
39
Evaluate (-24 - 46) + 39 + 19.
-12
What is the value of -20 + (-22 - -21 - 13) - (-3 + 13)?
-44
Calculate (16 - 51 - -42) + 8.
15
What is (-29 - (16 - (18 - -14)) - (4 + -24)) + 4?
11
What is (30 - 71) + 33 + 59?
51
What is the value of -5 - 3 - -63 - (0 + 4 + 0 + -5)?
56
What is the value of 0 + 2 + -7 + ((13 - 0) + -11 - -8)?
5
2709 + -2652 + (1 - 50)
8
What is the value of 114 - 112 - (19 - -5 - 4)?
-18
Evaluate 5 + 49 + 1 + (-5 - (-33 + 15)) + 10.
78
What is 0 + -13 + -326 + 359 - 54?
-34
What is (-28 - (15 + 16 + 1 + -17)) + 2?
-41
Calculate -1 + (-30 + 32 + -12 - -33).
22
Calculate (-420 - -427) + (-4 + -3 - -4 - 0 - 86).
-82
What is the value of 5 - (1 + -10 + 0 + 16 - (3 + 14))?
15
Evaluate -49 + 1 + 86 + -68.
-30
-27 - ((-671 - -671) + -66 + 1)
38
Calculate 59 + 7 + (552 - 718).
-100
What is the value of (-21 - (-37 - 3)) + (15 - 10)?
24
What is 99 - (125 - 105 - -184)?
-105
Calculate -3 + (-27 + -7 + 0 - -25 - 62).
-74
What is the value of 4 + -2 + 35 - 5 - (-110 - -119)?
23
What is the value of 10 + (83 + 0 - (-26 - (-25 + 13 + -12)))?
95
What is the value of -76 + -3 + (-9 - -3) - (14 + -27 + 3)?
-75
What is 92 - 0 - (77 + (-166 - -100))?
81
-37 - (-3 + -57) - -6
29
What is -62 - (-39 + 26 + -42)?
-7
-72 - (35 + (-16 - 19 - -27))
-99
17 + -1 - -2 - (70 - (-139 - -308))
117
What is -91 + 86 + -10 + 7 + 21?
13
37 + -20 - (7 + -37)
47
What is -40 - 36 - (-15 + 11 - -1 - 2)?
-71
Evaluate -8 - 12 - (22 - (-2 + 8 + 161)).
125
-1 + 34 + -6 + (3 - -14)
44
What is the value of -36 - (-133 + 117 + (-2 - -9 - 0))?
-27
-64 + (4 + -8 + 3 - (72 + -70))
-67
What is the value of -67 + -68 + 93 - -41?
-1
0 + -2 + 57 + 14710 + -14725
40
What is the value of -29 - -51 - 36 - (-4 - 43)?
33
Evaluate (-2 - (1 - -94) - 1) + (-4053 - -4050) + 7.
-94
Evaluate -28 + -3 + 28 + -25.
-28
Evaluate 39 + (5 + 4 - -4) + -11 + -13.
28
-32 - 12 - (24 + 26) - -13
-81
Evaluate 26 - ((-34 - -12) + (3 - 16)).
61
What is -41 + 1 + (94 + -51 - 31) - (6 + 0)?
-34
What is the value of -56 - ((-49 - -26 - (-13 - 5)) + 29)?
-80
43 + -1 - (182 - 178)
38
Evaluate -10 + (19 + -8 + -30 - -48) + 75.
94
-112 + 118 + -109 - -163
60
Calculate 17 + 0 + (16 - (99 + (37 - 27))).
-76
Calculate -11 - (4 + -26 + 30 + (3 - -1)).
-23
-9 + -3 + -76 + -2 + -16 + 5 + 13
-88
Calculate (-9 - (-14 + 17)) + -4 - -47.
31
What is the value of (-2 - -9) + (-8 - (83 + -48) - -5)?
-31
What is 75 + -35 + 19 + 10?
69
(20 - 18) + (121 - (6 + -8 - 6))
131
13 + -10 + (-17 - -8) + -16 + 3
-19
Calculate -858 + 840 + (1 + 18 - 2) - (57 - -2).
-60
Evaluate 71 - 81 - ((-1 - 0) + (12 - 13) + -86).
78
Calculate 16 + 24 + -12 + (80 - 39).
69
What is the value of -2 - 11 - ((-23 - 29) + 63 + (-1 - 8))?
-15
(-22 - (12 - 23)) + 23 - 60
-48
What is the value of 86 - 124 - -7 - (2 - -2)?
-35
Calculate 2 + (26 - -2) + -58 - -4.
-24
What is 11 + (-25 - -16) + 4 + -47 + -7?
-48
Calculate 8 + -8 + 654 + -604.
50
What is -2 + 2 + (4931 - 4840)?
91
What is -4 + 2 + 16 - (-395 - -416)?
-7
What is 19 - (15 - (10 - 25)) - 8 - (-10 - 0)?
-9
What is the value of (-1259 - -1305) + (3 - -16) + 1?
66
What is 11 - 28 - (50 - 12 - 2)?
-53
What is (8 - (-27 - -3)) + (-7 - (-29 - -15))?
39
What is the value of -6 + 3 + (272 + -80 - 38)?
151
3 + -2 + -3 + -78 + 75 - 13
-18
Evaluate -18 + -37 - (125 - 126).
-54
Calculate -35 - (-11 + -1 - (8 + 1) - -13).
-27
What is the value of -14 - ((-22 - -12) + 21 + 0) - -13?
-12
Evaluate 41 + (-21 - (-20 + 3 + 2)).
35
What is the value of (459 - 482) + (8 - 4) + 0 + -1?
-20
What is the value of (0 - -10) + (36 - (59 - 56 - (1 - -12)))?
56
Evaluate -11 + 16 + (16 - (12 - 47)) + -1 + 9.
64
What is 1 + 0 + -10 + -1 + (-45 + 19 - -110)?
74
(4 - 7 - (-4 - 12 - -12)) + 25
26
What is 88 + (-50 - 138) - -74?
-26
What is (13 - (19 - 44)) + 7 + 0?
45
2 - (-1 + 7) - ((2 - -1) + 271 + -346)
68
6 + 6 + (-36 - -79 - (1 + 3))
51
What is 76 + (705 + -639 - (38 - 1))?
105
What is the value of -8 + (14 - 8) + (3 - 18 - -23)?
6
What is the value of -6 - 10 - (-14 - (19 - (-1 - -38)))?
-20
What is -31 + 53 - 101 - (5 - (-2 - -4)) - -6?
-76
(3 - -10) + 1 + 22 + 55 + 17 + -4
104
Calculate 45 + 1 + -10 + (19 - 9) + -11.
35
-15 - (9 - 19) - (-29 - (5 - -2 - 1))
30
Evaluate 5 - (-1 - (-40 + (-12 - (-16 - -11)))).
-41
(-3 - (((10 - 4) + -20 - -10) + 4)) + -54
-57
-4 + (-134 + (-23 - -164) - (2 + -1 + -2))
4
What is 2 + -42 + (114 - -6)?
80
Calculate (-151 - -174) + (13 - 82).
-46
What is 20 + 79 + 104 + -247?
-44
Calculate (32 - 51) + 22 + 11 + -1.
13
Calculate 71 + (-31 - (-9 + 6)).
43
Calculate 211 - 238 - (2 + -20).
-9
-45 - (-12 - -13) - -16
-30
Calculate 60 + 45 + -13 + (-38 - -34).
88
529 + -489 + 4 + (10 - -5)
59
What is the value of -19 + -27 - (41 + 67 - 49)?
-105
What is the value of 124 + (-40 - -36 - ((-6 - -1) + 36 + -28))?
117
Evaluate -33 + (86 - 43) + -35 + -1.
-26
52 + -41 + 8 - (14 + 1) - 67
-63
What is the value of -4 + (-6 - 8) + 14 + 12?
8
7 - (-84 + 88 + 2 + (-5 - -1)) - 10
-5
What is the value of 6942 + -6964 - (-20 - (1 + -3))?
-4
What is -3 - -1 - (-21 - (-44 - (-38 + 13)))?
0
-21 - (8 + 0 - (-27 + 21 + 2))
-33
10 + (-29 - -5) + 22 + 0 + (-48 - 2)
-42
-9 + 40 - (-42 - 